prime factors of 17172?
2, 3, 53
What are the prime factors of 186?
2, 3, 31
List the prime factors of 42810.
2, 3, 5, 1427
What are the prime factors of 1351?
7, 193
List the prime factors of 35317.
35317
What are the prime factors of 2247?
3, 7, 107
What are the prime factors of 12379?
12379
List the prime factors of 4256.
2, 7, 19
List the prime factors of 99.
3, 11
List the prime factors of 914.
2, 457
What are the prime factors of 4929?
3, 31, 53
What are the prime factors of 47335?
5, 9467
List the prime factors of 33136.
2, 19, 109
What are the prime factors of 236?
2, 59
What are the prime factors of 1788?
2, 3, 149
List the prime factors of 1870.
2, 5, 11, 17
List the prime factors of 602.
2, 7, 43
What are the prime factors of 1723?
1723
List the prime factors of 391.
17, 23
What are the prime factors of 22926?
2, 3, 3821
What are the prime factors of 5061?
3, 7, 241
List the prime factors of 250.
2, 5
List the prime factors of 108842.
2, 54421
List the prime factors of 1993.
1993
What are the prime factors of 24034?
2, 61, 197
What are the prime factors of 3564?
2, 3, 11
What are the prime factors of 18369?
3, 13, 157
What are the prime factors of 769?
769
List the prime factors of 66241.
7, 9463
What are the prime factors of 28200?
2, 3, 5, 47
What are the prime factors of 692?
2, 173
What are the prime factors of 5375?
5, 43
List the prime factors of 39.
3, 13
List the prime factors of 26902.
2, 13451
What are the prime factors of 25984?
2, 7, 29
What are the prime factors of 2822?
2, 17, 83
List the prime factors of 25475.
5, 1019
List the prime factors of 177733.
89, 1997
List the prime factors of 203.
7, 29
List the prime factors of 91350.
2, 3, 5, 7, 29
What are the prime factors of 33356?
2, 31, 269
What are the prime factors of 471?
3, 157
What are the prime factors of 2670?
2, 3, 5, 89
List the prime factors of 252.
2, 3, 7
List the prime factors of 81450.
2, 3, 5, 181
List the prime factors of 1296.
2, 3
List the prime factors of 22867.
13, 1759
What are the prime factors of 1716?
2, 3, 11, 13
What are the prime factors of 740?
2, 5, 37
List the prime factors of 2712.
2, 3, 113
List the prime factors of 101723.
101723
List the prime factors of 8142.
2, 3, 23, 59
What are the prime factors of 83995?
5, 107, 157
List the prime factors of 4282.
2, 2141
List the prime factors of 872.
2, 109
List the prime factors of 3167.
3167
What are the prime factors of 86933?
7, 11, 1129
What are the prime factors of 5651?
5651
List the prime factors of 7792.
2, 487
List the prime factors of 1368.
2, 3, 19
What are the prime factors of 21217?
7, 433
List the prime factors of 1547.
7, 13, 17
What are the prime factors of 13028?
2, 3257
List the prime factors of 6431.
59, 109
What are the prime factors of 19205?
5, 23, 167
What are the prime factors of 15232?
2, 7, 17
What are the prime factors of 589?
19, 31
What are the prime factors of 27006?
2, 3, 7, 643
What are the prime factors of 7595?
5, 7, 31
What are the prime factors of 15789?
3, 19, 277
List the prime factors of 11457.
3, 19, 67
What are the prime factors of 55246?
2, 23, 1201
What are the prime factors of 132705?
3, 5, 983
List the prime factors of 968.
2, 11
List the prime factors of 91.
7, 13
List the prime factors of 2349.
3, 29
What are the prime factors of 2855?
5, 571
What are the prime factors of 6963?
3, 11, 211
What are the prime factors of 4467?
3, 1489
List the prime factors of 585.
3, 5, 13
List the prime factors of 20228.
2, 13, 389
What are the prime factors of 92?
2, 23
List the prime factors of 16037.
7, 29, 79
What are the prime factors of 25808?
2, 1613
What are the prime factors of 99849?
3, 83, 401
What are the prime factors of 16072?
2, 7, 41
What are the prime factors of 5313?
3, 7, 11, 23
What are the prime factors of 1216?
2, 19
What are the prime factors of 11072?
2, 173
What are the prime factors of 111230?
2, 5, 7, 227
List the prime factors of 39892.
2, 9973
What are the prime factors of 25548?
2, 3, 2129
What are the prime factors of 4997?
19, 263
List the prime factors of 8349.
3, 11, 23
What are the prime factors of 143?
11, 13
What are the prime factors of 21?
3, 7
What are the prime factors of 33347?
33347
List the prime factors of 356.
2, 89
List the prime factors of 1778.
2, 7, 127
List the prime factors of 13354.
2, 11, 607
What are the prime factors of 94834?
2, 47417
What are the prime factors of 21228?
2, 3, 29, 61
List the prime factors of 2075.
5, 83
List the prime factors of 38129.
7, 13, 419
What are the prime factors of 926?
2, 463
List the prime factors of 12124.
2, 7, 433
What are the prime factors of 50809?
11, 31, 149
What are the prime factors of 24978?
2, 3, 23, 181
List the prime factors of 81203.
81203
What are the prime factors of 36259?
101, 359
List the prime factors of 65298.
2, 3, 10883
What are the prime factors of 2711?
2711
What are the prime factors of 1894?
2, 947
What are the prime factors of 32829?
3, 31, 353
What are the prime factors of 22813?
7, 3259
What are the prime factors of 5249?
29, 181
List the prime factors of 171933.
3, 223, 257
What are the prime factors of 1498?
2, 7, 107
List the prime factors of 53335.
5, 10667
What are the prime factors of 101838?
2, 3, 11, 1543
What are the prime factors of 17641?
13, 23, 59
What are the prime factors of 1057?
7, 151
List the prime factors of 44082.
2, 3, 31, 79
List the prime factors of 2286.
2, 3, 127
List the prime factors of 14040.
2, 3, 5, 13
What are the prime factors of 1739?
37, 47
What are the prime factors of 5728?
2, 179
List the prime factors of 619.
619
List the prime factors of 3724.
2, 7, 19
List the prime factors of 14177.
14177
What are the prime factors of 25811?
53, 487
List the prime factors of 1216.
2, 19
What are the prime factors of 6515?
5, 1303
List the prime factors of 15540.
2, 3, 5, 7, 37
List the prime factors of 165.
3, 5, 11
What are the prime factors of 10058?
2, 47, 107
What are the prime factors of 3164?
2, 7, 113
What are the prime factors of 117?
3, 13
List the prime factors of 31361.
11, 2851
What are the prime factors of 20418?
2, 3, 41, 83
List the prime factors of 28658.
2, 7, 23, 89
List the prime factors of 2951.
13, 227
What are the prime factors of 469?
7, 67
What are the prime factors of 8952?
2, 3, 373
What are the prime factors of 8230?
2, 5, 823
What are the prime factors of 31739?
17, 1867
List the prime factors of 55547.
55547
What are the prime factors of 12261?
3, 61, 67
What are the prime factors of 76598?
2, 38299
List the prime factors of 38739.
3, 37, 349
List the prime factors of 7120.
2, 5, 89
List the prime factors of 17089.
23, 743
List the prime factors of 3175.
5, 127
List the prime factors of 32413.
32413
List the prime factors of 1924.
2, 13, 37
List the prime factors of 1237.
1237
List the prime factors of 43077.
3, 83, 173
List the prime factors of 81685.
5, 17, 31
What are the prime factors of 2546?
2, 19, 67
What are the prime factors of 1403?
23, 61
List the prime factors of 2251.
2251
What are the prime factors of 28405?
5, 13, 19, 23
List the prime factors of 6294.
2, 3, 1049
What are the prime factors of 6801?
3, 2267
List the prime factors of 3244.
2, 811
What are the prime factors of 1319?
1319
What are the prime factors of 1482?
2, 3, 13, 19
List the prime factors of 28796.
2, 23, 313
List the prime factors of 322.
2, 7, 23
List the prime factors of 138922.
2, 7, 9923
List the prime factors of 106851.
3, 35617
What are the prime factors of 231?
3, 7, 11
List the prime factors of 33730.
2, 5, 3373
What are the prime factors of 3060?
2, 3, 5, 17
What are the prime factors of 471?
3, 157
List the prime factors of 2581.
29, 89
List the prime factors of 2194.
2, 1097
List the prime factors of 47049.
3, 15683
List the prime factors of 23513.
7, 3359
List the prime factors of 29631.
3, 7, 17, 83
List the prime factors of 2560.
2, 5
What are the prime factors of 1164?
2, 3, 97
What are the prime factors of 8266?
2, 4133
What are the prime factors of 15173?
15173
What are the prime factors of 53771?
17, 3163
What are the prime factors of 1980?
2, 3, 5, 11
List the prime factors of 2929.
29, 101
List the prime factors of 3730.
2, 5, 373
List the prime factors of 95.
5, 19
What are the prime fac